{"id":110,"date":"2019-03-11T07:30:35","date_gmt":"2019-03-11T07:30:35","guid":{"rendered":"http:\/\/172.16.16.53\/?page_id=110"},"modified":"2019-05-15T12:33:08","modified_gmt":"2019-05-15T12:33:08","slug":"etkinlikler","status":"publish","type":"page","link":"https:\/\/fuatsezgin.idu.edu.tr\/index.php\/etkinlikler\/","title":{"rendered":"ETK\u0130NL\u0130KLER"},"content":{"rendered":"<ul class=\"wp-block-latest-posts__list wp-block-latest-posts\"><li><a class=\"wp-block-latest-posts__post-title\" href=\"https:\/\/fuatsezgin.idu.edu.tr\/index.php\/2019\/11\/15\/konferans-bilimsel-mirasimiz-gelecek-tahayyulumuz\/\">KONFERANS  \u201cBilimsel Miras\u0131m\u0131z,  Gelecek  Tahayy\u00fcl\u00fcm\u00fcz\u201d<\/a><\/li>\n<li><a class=\"wp-block-latest-posts__post-title\" href=\"https:\/\/fuatsezgin.idu.edu.tr\/index.php\/2019\/05\/29\/izmir-demokrasi-universitesi-rektoru-prof-dr-bedriye-tuncsiper-ve-universitemiz-ogretim-uyesi-dr-ogr-uyesi-beral-alaci-2019-prof-dr-fuat-sezgin-yili-munasebetiyle-cumhurbaskanim\/\">\u0130zmir Demokrasi \u00dcniversitesi Rekt\u00f6r\u00fc Prof. Dr. Bedriye Tun\u00e7siper ve \u00dcniversitemiz \u00d6\u011fretim \u00dcyesi Dr. \u00d6\u011fr. \u00dcyesi Beral Alac\u0131 \u201c2019 Prof.Dr. Fuat Sezgin Y\u0131l\u0131\u201d M\u00fcnasebetiyle Cumhurba\u015fkan\u0131m\u0131z Say\u0131n Recep Tayyip Erdo\u011fan\u2019\u0131n Kat\u0131l\u0131m\u0131 ile Yap\u0131lan Toplant\u0131 ve Diploma T\u00f6renine Kat\u0131ld\u0131<\/a><\/li>\n<li><a class=\"wp-block-latest-posts__post-title\" href=\"https:\/\/fuatsezgin.idu.edu.tr\/index.php\/2019\/05\/21\/izmir-demokrasi-universitesi-tarafindan-duzenlenen-islam-medeniyetinin-dunya-medeniyetine-yaptigi-katkilar-ve-prof-dr-fuat-sezgin-konulu-konferans-ve-prof-dr-fuat-sezgin\/\">\u0130zmir Demokrasi \u00dcniversitesi taraf\u0131ndan d\u00fczenlenen \u201c\u0130slam Medeniyetinin D\u00fcnya Medeniyetine Yapt\u0131\u011f\u0131 Katk\u0131lar ve Prof. Dr. Fuat Sezgin\u201d konulu konferans ve \u201cProf. Dr. Fuat Sezgin Foto\u011fraflar\u0131 Sergisi\u201d 17 May\u0131s 2019 tarihinde ger\u00e7ekle\u015ftirildi.<\/a><\/li>\n<li><a class=\"wp-block-latest-posts__post-title\" href=\"https:\/\/fuatsezgin.idu.edu.tr\/index.php\/2019\/05\/16\/prof-dr-fuat-sezgin-sergisi\/\">Prof.Dr. Fuat Sezgin Sergisi<\/a><\/li>\n<li><a class=\"wp-block-latest-posts__post-title\" href=\"https:\/\/fuatsezgin.idu.edu.tr\/index.php\/2019\/05\/15\/2019-prof-dr-fuat-sezgin-yili-etkinlikleri-kapsaminda-universitemizde-prof-dr-mustafa-kacar-tarafindan-islam-medeniyetinin-dunya-medeniyetine-yaptigi-katkilar-ve-prof-dr-fuat-sezgin-konulu\/\">2019 Prof. Dr. Fuat Sezgin Y\u0131l\u0131 Etkinlikleri  kapsam\u0131nda \u00fcniversitemizde Prof. Dr. Mustafa Ka\u00e7ar taraf\u0131ndan &#8220;\u0130slam Medeniyetinin D\u00fcnya Medeniyetine Yapt\u0131\u011f\u0131 Katk\u0131lar ve Prof. Dr. Fuat Sezgin&#8221; konulu konferans verilecektir.<\/a><\/li>\n<\/ul>","protected":false},"excerpt":{"rendered":"","protected":false},"author":1,"featured_media":0,"parent":0,"menu_order":0,"comment_status":"closed","ping_status":"closed","template":"","meta":{"footnotes":""},"class_list":["post-110","page","type-page","status-publish","hentry"],"_links":{"self":[{"href":"https:\/\/fuatsezgin.idu.edu.tr\/index.php\/wp-json\/wp\/v2\/pages\/110","targetHints":{"allow":["GET"]}}],"collection":[{"href":"https:\/\/fuatsezgin.idu.edu.tr\/index.php\/wp-json\/wp\/v2\/pages"}],"about":[{"href":"https:\/\/fuatsezgin.idu.edu.tr\/index.php\/wp-json\/wp\/v2\/types\/page"}],"author":[{"embeddable":true,"href":"https:\/\/fuatsezgin.idu.edu.tr\/index.php\/wp-json\/wp\/v2\/users\/1"}],"replies":[{"embeddable":true,"href":"https:\/\/fuatsezgin.idu.edu.tr\/index.php\/wp-json\/wp\/v2\/comments?post=110"}],"version-history":[{"count":5,"href":"https:\/\/fuatsezgin.idu.edu.tr\/index.php\/wp-json\/wp\/v2\/pages\/110\/revisions"}],"predecessor-version":[{"id":181,"href":"https:\/\/fuatsezgin.idu.edu.tr\/index.php\/wp-json\/wp\/v2\/pages\/110\/revisions\/181"}],"wp:attachment":[{"href":"https:\/\/fuatsezgin.idu.edu.tr\/index.php\/wp-json\/wp\/v2\/media?parent=110"}],"curies":[{"name":"wp","href":"https:\/\/api.w.org\/{rel}","templated":true}]}}